?
True
Is 33978388573 a prime number?
True
Is 2140976587 prime?
False
Is 83963826221 prime?
False
Is 509332531 a composite number?
True
Is 7129815523 a prime number?
True
Is 17856235721 prime?
False
Is 2932040051 a prime number?
True
Is 345895153 prime?
True
Is 199073029 composite?
True
Is 30649469 a composite number?
True
Is 470776259 prime?
False
Is 27944501773 prime?
True
Is 1661191463 a composite number?
False
Is 2253302951 a prime number?
True
Is 14483893423 composite?
True
Is 2392519183 a prime number?
False
Is 11133907 composite?
False
Is 470775503 a composite number?
True
Is 180899045 a composite number?
True
Is 29565089179 prime?
False
Is 184941759163 a prime number?
False
Is 70757361131 a composite number?
False
Is 321774252109 a composite number?
False
Is 1525642337 a composite number?
False
Is 13762971851 a prime number?
False
Is 412873739 prime?
True
Is 36676360057 a prime number?
True
Is 6022094791 a prime number?
True
Is 246678658913 a composite number?
False
Is 7954580791 prime?
False
Is 76339911913 a prime number?
True
Is 24265699079 prime?
False
Is 38755841381 prime?
True
Is 252284009 composite?
False
Is 42428565019 a composite number?
False
Is 3342113057 a prime number?
False
Is 316555721 prime?
False
Is 325040917 prime?
True
Is 3359684639 composite?
False
Is 163485341 a prime number?
True
Is 2493346559 composite?
True
Is 1970196539 composite?
False
Is 10122751081 composite?
False
Is 1929830131 a prime number?
True
Is 5145965765 a composite number?
True
Is 3299158147 prime?
True
Is 282043034701 prime?
True
Is 477237199 a prime number?
False
Is 7963536271 prime?
False
Is 4808820917 composite?
False
Is 8409827477 composite?
True
Is 4676345467 composite?
True
Is 4961088521 prime?
False
Is 1197270157 composite?
False
Is 39303315287 prime?
True
Is 9291845053 composite?
True
Is 2137640489 composite?
True
Is 7389017033 a prime number?
True
Is 4959261793 composite?
True
Is 4849893221 composite?
True
Is 2872203029 prime?
False
Is 4025084471 prime?
True
Is 10651174439 a prime number?
False
Is 1596070711 a prime number?
True
Is 1812173591 a prime number?
True
Is 1981763143 prime?
False
Is 34148251909 a composite number?
True
Is 43718564309 a prime number?
False
Is 13863878723 prime?
True
Is 3038440949 a prime number?
True
Is 371435167 a composite number?
False
Is 53619233 a prime number?
False
Is 2714643713 a composite number?
True
Is 635027347 composite?
True
Is 1169413261 a prime number?
False
Is 245364217853 a composite number?
False
Is 135426371099 composite?
True
Is 596111743 a composite number?
True
Is 1776516353 prime?
True
Is 949516591 composite?
False
Is 37291231933 a composite number?
True
Is 30100292083 a composite number?
False
Is 1622235661 composite?
False
Is 307585679 prime?
True
Is 50401295551 prime?
True
Is 652150739 prime?
True
Is 2626061539 a prime number?
True
Is 195852870613 a composite number?
False
Is 9451640267 composite?
True
Is 2311163201 prime?
True
Is 2691391453 a composite number?
False
Is 84746269471 prime?
False
Is 241596793 a prime number?
True
Is 3070283591 a prime number?
True
Is 137109755897 a prime number?
False
Is 127928359223 a prime number?
False
Is 817709241 prime?
False
Is 6539066411 a composite number?
True
Is 6898454683 composite?
False
Is 1546005859 a composite number?
True
Is 384197291213 composite?
True
Is 76851987523 prime?
False
Is 10394494717 a prime number?
True
Is 63180207011 a prime number?
True
Is 4953484639 composite?
False
Is 601295281 composite?
False
Is 146721719 a prime number?
False
Is 22202062937 a composite number?
False
Is 527445571 a prime number?
True
Is 9614724283 a composite number?
False
Is 14735041 composite?
True
Is 9301652929 a composite number?
True
Is 1094980321 a prime number?
True
Is 225737857 prime?
True
Is 75863461 a composite number?
False
Is 890269799 a prime number?
True
Is 71093122687 a composite number?
False
Is 19396259101 composite?
False
Is 3091149394 composite?
True
Is 192539581 composite?
True
Is 2967731015 a composite number?
True
Is 6065189783 a composite number?
False
Is 29295329387 composite?
True
Is 1328564777 a composite number?
False
Is 96354819811 a composite number?
False
Is 18112460531 composite?
True
Is 2041267885 composite?
True
Is 7195495357 composite?
True
Is 616345747 a prime number?
False
Is 47706671123 a composite number?
False
Is 7272927443 prime?
False
Is 39792916859 composite?
True
Is 989410549 a composite number?
True
Is 11838179 a composite number?
False
Is 6514489381 prime?
False
Is 92557131539 composite?
True
Is 892953379 a prime number?
False
Is 1617044911 a composite number?
False
Is 26377610503 a composite number?
True
Is 86157527 a prime number?
False
Is 1281388469 a composite number?
False
Is 138242069 a prime number?
False
Is 4115803553 a prime number?
True
Is 7327586741 composite?
False
Is 4232403337 a prime number?
True
Is 478334827 a composite number?
True
Is 8866391707 composite?
False
Is 1174285529 a prime number?
False
Is 1053592741 a prime number?
True
Is 2045109047 composite?
True
Is 6616062683 prime?
True
Is 15135540001 a composite number?
False
Is 1569845995 a prime number?
False
Is 77720454681 composite?
True
Is 21208226329 a prime number?
True
Is 407402087 prime?
False
Is 9454040863 composite?
False
Is 54744065083 a prime number?
False
Is 9017947511 prime?
False
Is 7529292377 a prime number?
True
Is 2718938351 prime?
True
Is 4191248123 composite?
False
Is 4964971519 a composite number?
False
Is 178566587557 a prime number?
True
Is 28286215357 prime?
False
Is 8083304081 a prime number?
True
Is 262903177 composite?
False
Is 7285748177 prime?
True
Is 315699859 a composite number?
True
Is 1498402511 a composite number?
False
Is 19741548263 prime?
True
Is 946948369 composite?
True
Is 29602225843 prime?
False
Is 195757537 a composite number?
False
Is 1255769443 a prime number?
False
Is 14051949629 composite?
True
Is 204977419 a composite number?
False
Is 14579650661 prime?
True
Is 9274345853 a prime number?
True
Is 607985219 prime?
True
Is 95031049679 a prime number?
False
Is 2081716289 a prime number?
False
Is 71167747705 a prime number?
False
Is 13191694513 composite?
False
Is 10033469029 a prime number?
False
Is 30312918359 a composite number?
False
Is 4540349233 a composite number?
True
Is 1962868123 prime?
False
Is 3676559347 composite?
True
Is 10001813563 prime?
False
Is 4333975337 a composite number?
False
Is 299564929 a composite number?
True
Is 580457071 composite?
True
Is 14543954983 a prime number?
True
Is 1289014109 a composite number?
False
Is 3572924093 a prime number?
False
Is 789761417 prime?
True
Is 8740229089 composite?
False
Is 17420376566 a composite number?
True
Is 107351349557 a composite number?
False
Is 686209961 a composite number?
True
Is 620215891 composite?
False
Is 62701531 a composite number?
False
Is 24491168843 a composite number?
True
Is 12519500447 a composite number?
False
Is 1350088351 a composite number?
False
Is 651711757 composite?
False
Is 4960222922 composite?
True
Is 170143601 a composite number?
False
Is 764858027 a prime number?
True
Is 177868754365 a prime number?
False
Is 158734364627 prime?
True
Is 111643825343 composite?
True
Is 17948264609 a composite number?
True
Is 105611076877 a prime number?
True
Is 2074354783 composite?
True
Is 607779829 a composite number?
False
Is 4511403191 prime?
True
Is 15681978797 a prime number?
False
Is 882165145 a composite number?
True
Is 147519325973 prime?
True
Is 10233485711 a prime number?
True
Is 169064897 prime?
False
Is 331447631 a prime number?
True
Is 31488555149 a composite number?
False
Is 11849168627 composite?
False
Is 7025194003 prime?
True
Is 1569979297 prime?
True
Is 3508165151 prime?
True
Is 568973609 a composite number?
True
Is 3800878469 composite?
True
Is 68900158469 composite?
False
Is 2276985443 prime?
True
Is 142173557809 prime?
True
Is 53244549613 a prime number?
True
Is 1164706201 prime?
False
Is 1812704583 composite?
True
Is 14702392491 prime?
False
Is 2055858461 a prime number?
True
Is 891475889 prime?
True
Is 1370617519 composite?
True
Is 575418083 prime?
False
Is 1717734593 a composite number?
False
Is 814594579 prime?
False
Is 788046269 a prime number?
True
Is 1888315903 a composite number?
False
Is 35